
-6
Let s be (8 + -4)*3/(-6). Let u(o) = 17 - 2*o + 0*o**2 - o**2 - 19. Determine u(s).
-2
Suppose -5 = 4*s + g, 2*s + 8*g = 3*g - 25. Let q(h) = -h**3 + s + h - 8 - 4. Suppose -5*a = 4*y - 7*a, -a = -4*y. Determine q(y).
-12
Let k = -9 - -13. Let p(v) = -k*v + 5*v + 3*v + 2*v. Let r(w) = w**2 + 17*w + 1. Let s be r(-17). What is p(s)?
6
Suppose 2*l + 2*n = -8, 0*l = 3*l - n + 16. Let m(t) = -t**3 - 6*t**2 - 2*t + 1. Calculate m(l).
-14
Let r(k) = 4*k**3 - 2*k**2 + 4*k + 8. Let w(p) = 9*p**3 - 5*p**2 + 9*p + 17. Let i(v) = 7*r(v) - 3*w(v). Determine i(0).
5
Let g(v) = -20*v - 2 - 19*v + 57*v - 4*v**2 + 5*v**3 - 22*v. Determine g(-2).
-50
Let q(r) = -3*r**3 - 19*r**2 + 13*r + 21. Let m(n) = -2*n**3 - 9*n**2 + 7*n + 10. Let v(a) = -7*m(a) + 4*q(a). Calculate v(6).
-4
Let l(g) be the second derivative of g**5/20 + 25*g**4/12 + 47*g**3/6 + 9*g**2 - 2*g - 188. Calculate l(-23).
-5
Let y(i) = i**2 - 2. Let w(p) = -p**2 + 3. Let z(x) = 2*w(x) + 3*y(x). Give z(3).
9
Let z(t) = 279*t + 291*t - 568*t - 5 + t**3 + 6*t**2. What is z(-4)?
19
Let g(k) be the third derivative of k**5/60 + k**4/3 + 2*k**3/3 - 17*k**2 - 2. Suppose 4*x = -5*q + 42, -2*x + 31 = -q + 3. Suppose -x - 11 = 4*b. What is g(b)?
-8
Let v(g) = -1316*g**2 - 1 - 3*g**3 + 2*g**3 + 1308*g**2 + 2*g - 2. What is v(-8)?
-19
Let i be 0 - (1 + -2) - -4. Let m(x) = 5*x + 6. Let d be (-15)/(-6)*(-8)/5. Let r(u) = -4*u - 6. Let g(w) = d*r(w) - 3*m(w). Calculate g(i).
11
Let q(z) be the third derivative of -z**5/60 - 5*z**4/8 - 5*z**3/6 - z**2 + 2. Determine q(-15).
-5
Let v(s) = -s**3 + 8*s**2 - 2*s - 7. Let n be (-76)/(-57)*(-18)/(-4). Calculate v(n).
53
Let w(k) be the second derivative of -k**3/6 + k**2/2 - 2*k. Let b(h) = h**2 - 4*h. Let n be b(5). Suppose -n*r = -0*r + 15. Determine w(r).
4
Let l(c) = 3 + 4*c - c - 2*c - 1. Give l(9).
11
Let j(u) = u + 4. Let h(c) = -2*c - 3. Let w(d) = -2*h(d) - 3*j(d). What is w(5)?
-1
Suppose 2*m = 4*x - 14, 5*x = 4*m + 9 + 4. Let o(t) = 9*t - 6 - 11*t + t**m + 4*t**3 - 4*t**3 + 5*t**2. Give o(-5).
4
Let c be (-7)/(140/(-8)) - (-53)/5. Let h(p) = -2*p + 3*p**3 - 2*p**3 + 1 + c*p**2 - p - 13*p**2. Determine h(3).
1
Let a be 0 + -1 + (-2 - 1). Suppose 0*w - 3*v - 102 = -3*w, -2*v + 135 = 5*w. Let f(y) = y - 5*y + w - 32 + y. Calculate f(a).
9
Suppose 3*n + 4 = 2*o, -4*n - 1 = 4*o - 9. Let x(i) = i. Calculate x(o).
2
Let y(g) be the first derivative of 37*g**3/3 - 239. Calculate y(-1).
37
Let f be 1/(-3) - (4 - 21/9). Let d be 1 - (f + 9 + -5). Let a(h) = 4*h**3 + h**2 + 2*h + 1. Determine a(d).
-4
Let g(d) = 12*d - 1. Suppose 0 = -251*h + 247*h - 4. Give g(h).
-13
Suppose 4*o = 2*o + 8. Let k(g) = -3*g - o*g**2 + g**3 - 2 - 2 + 0*g - g. Suppose -3*p = 4*n - 26, 2*n - 5*n + 5*p + 5 = 0. Calculate k(n).
1
Let q(b) be the second derivative of -b**3/2 + 3*b**2/2 + 3*b - 15. Let t(u) = -u + 2*u + 2 - 3. Let o(i) = 4*q(i) + 11*t(i). Give o(-4).
5
Let a(j) = -3*j - 3*j + 2*j + 3*j + 1. Let z(n) = 3*n - 2. Let r(x) = 5*a(x) + 2*z(x). Determine r(-4).
-3
Let c(z) = 7*z**2 - z - 8. Let t(n) = -6*n**2 + 7. Let v(u) = 5*c(u) + 6*t(u). Suppose -6 = 2*y - 4*a, -4*a + 8 = -5*y - 13. Give v(y).
2
Suppose -2*o = -5*o - 54. Let c be o/27 - 7/3. Let a(w) = -3*w - 5*w**2 + 0 - 4 + 4*w**2. Determine a(c).
-4
Let f be 76/(-18) - (38/171)/(-1). Let b(o) = -4*o**2 - 15*o - 6. What is b(f)?
-10
Let w = 2 + -2. Let p(n) be the third derivative of -n**6/120 + n**5/60 - n**4/24 + 5*n**3/3 + 223*n**2. Calculate p(w).
10
Let x(p) = 2*p - 1. Suppose 0 = -2*f - 9 - 7. Let c = 15 + f. Let i = 6 - c. Calculate x(i).
-3
Let s(r) be the third derivative of -r**6/120 - 11*r**5/60 + r**4/2 - 7*r**3/6 + 17*r**2. What is s(-12)?
-7
Suppose 3*s - 30 = 30. Let j(p) = p + 3. Let h be j(0). Suppose h*r = -r + s. Let z(n) = n**3 - 5*n**2 + 2*n - 3. What is z(r)?
7
Let x(v) = v**2 + 7*v - 10. Let u be 2/(-7) - (5 - 12/(-7)). Give x(u).
-10
Let s(x) = -2*x**3 - x. Let h be s(1). Let z(k) be the first derivative of k**3/3 - k**2/2 - 3*k - 1. Determine z(h).
9
Let t(h) be the second derivative of -h**5/20 + h**4/2 - 3*h**2/2 + 6*h. Let n = -70 + 76. Calculate t(n).
-3
Let z(o) be the first derivative of o**3/3 + 5*o**2/2 - 1. Suppose -202 + 154 = 8*b. What is z(b)?
6
Let n(w) = w**2 - w + 12. Let i(d) = -d**2 + 3*d + 28. Suppose -4*v + 9 = -19. Let y be i(v). What is n(y)?
12
Let i be 1*5/((-5)/(-28)). Suppose 0*k - i = -4*k. Suppose 8*c - k*c + 5 = 0. Let y(q) = -q**2 - 4*q + 7. Calculate y(c).
2
Let i(v) be the second derivative of -1/3*v**4 + 0*v**2 + 1/20*v**5 + 0 - 14*v - 1/2*v**3. Calculate i(4).
-12
Let t(u) = u**2 + 7*u - 4. Let k be t(-8). Let q(m) = 3*m**2 - 5*m + 12. Let a(h) = -h**2 + 2*h - 4. Let s(v) = k*q(v) + 11*a(v). Give s(-3).
7
Let n(d) be the third derivative of -d**8/20160 + d**7/720 - 7*d**6/720 - d**5/20 + 11*d**2. Let v(t) be the third derivative of n(t). Give v(6).
-1
Let y(q) = 2*q + q + 3*q + 7 - 4*q. Suppose 28*z + 120 = 52*z. Give y(z).
17
Suppose 33*c - 12*c = 210. Let t(i) = -i**3 + 11*i**2 - 11*i + 1. Determine t(c).
-9
Suppose 5*p + 25 + 5 = 0. Let o = p + 7. Let y(g) = 0*g**2 + 766 + g**2 - 766. What is y(o)?
1
Let k(y) = y**2 + 110*y + 4*y**2 - 2*y**3 - 52*y - 62*y + 3. Give k(3).
-18
Let m(i) = -3*i**3 + 3*i**2 - 1. Let f be 5/(-50) - (-18)/(-20). Determine m(f).
5
Let f(j) be the second derivative of -j**5 - j**3/3 - j**2/2 - 2*j + 1. Give f(-1).
21
Let d(p) be the second derivative of -p**5/4 - p**4/12 - p**3 - 5*p**2/2 + 11*p. Give d(-1).
5
Let m(r) = -7*r**3 + 11*r**2 - r - 6. Let p(w) = -6*w**3 + 10*w**2 - 6. Let s(x) = 5*m(x) - 6*p(x). What is s(5)?
-19
Let d(s) be the first derivative of s**2/2 - 5*s - 87. Calculate d(5).
0
Let w(a) = -9*a - 6. Let z(x) = 6*x + 7. Let o(p) = 3*w(p) + 4*z(p). Calculate o(4).
-2
Let t(v) = -4 - 13*v**3 + 2*v**2 + 6*v**3 + 6*v + 3*v**3 + 3*v**3. Determine t(4).
-12
Let f be 0 + (6 - 7) + 3. Let o(n) be the first derivative of 0*n**f + n - 2/3*n**3 - 5. Calculate o(2).
-7
Let k(m) = m - 1. Let x(z) = z**2 + z + 6. Suppose 4*u + 0 - 4 = 0. Let y(n) = u*x(n) + 3*k(n). Suppose -d = -2*d - 5. Give y(d).
8
Let p(i) = 27*i**3 - i**2 + 2*i - 1. Let h(o) = -2*o**2 - 10*o + 13. Suppose 3*x + 14 = -4. Let c be h(x). Determine p(c).
27
Let j be 8/10*(-10)/(-4). Suppose -3*w = -j*w - 4. Let v(h) = -2 - 4*h + w - 2. Give v(-1).
4
Let n(y) = 2*y**2 - 3*y - 9. Let l be n(3). Let w(i) = -i**3 - i - 5. Calculate w(l).
-5
Suppose -3*n + 2*v = 18, 4*n - 4*v = -0*v - 20. Let h(i) = i**3 + 9*i**2 + 8*i. Calculate h(n).
0
Let g(x) = 18*x**2 - 55*x - 47. Let b(l) = -6*l**2 + 19*l + 16. Let r(v) = -11*b(v) - 4*g(v). What is r(-1)?
-5
Let c(i) be the second derivative of 9/2*i**2 + 1/12*i**4 - 51*i + 0 + 4/3*i**3. Determine c(-8).
9
Let l(v) be the second derivative of -v**4/12 - 5*v**3/6 - v**2/2 + 1494*v. Let w be (-6)/4 + 3/6. Let j be w*2 + (-2)/1. What is l(j)?
3
Let u(w) = 17*w + 1. Suppose 17*m - 14 = 20. Determine u(m).
35
Let i(w) = w**3 - 6*w**2 + 2*w + 3. Let m(z) = -z**3 - 7*z**2 - 5*z + 31. Let n be m(-5). Determine i(n).
15
Let l(w) = -11*w - 72. Let m be l(-7). Let h(s) = -2*s - 5. What is h(m)?
-15
Let s(g) = 4*g**2 + 12*g + 3. Let d(y) = -7*y**2 - 20*y - 4. Let z(i) = -3*d(i) - 5*s(i). Determine z(-5).
22
Let k(b) = -2*b - 2 + b**2 + 1 - 6 + 7*b. Let u be 10/20*(-12 + 0). Calculate k(u).
-1
Let m(n) be the third derivative of n**8/6720 + n**6/720 - n**5/120 - 7*n**4/6 - 23*n**2. Let q(u) be the second derivative of m(u). Calculate q(1).
1
Let f(v) be the first derivative of 5*v**2/2 + 14*v - 396. Calculate f(-7).
-21
Let n(o) = -o**2 - 6*o + 4. Let a be 345/46*(-4)/6. What is n(a)?
9
Let c(u) = -3*u**2 + 5*u - 33. Let v(l) = -7*l**2 + 9*l - 80. Let h(q) = 5*c(q) - 2*v(q). Let z = 8 - 3. Give h(z).
5
Let l(z) = 4 + 12*z - 3 + 0 - 11*z. Give l(-3).
-2
Let y(n) = -2*n + 0*n - 2 + 4*n. Let x = 28 - 13. Let o(h) = h - 12. Let f be o(x). Calculate y(f).
4
Suppose 0 = 4*z - 0*z - 8. Let f(c) = 2*c**z + 3 - 29*c**3 + 28*c**3 + 0 - 5*c. Let d(i) = i**3 - 3*i**2 + 4*i - 4. Let b(k) = -3*d(k) - 2*f(k). Determine b(5).
-4
Let p(v) = -8*v + 8*v - v + 19 + 4*v. Give p(-8).
-5
Let l = 46 + -41. Let a(p) = -p**2 - 2*p + 6. Calculate a(l).
-29
Let a(d) = 2*d**2 - 7*d - 32. Let r(g) = 2*g - 3. Let v(k) = -a(k) + 3*r(k). Calculate v(8).
-1
Let x(g) be the 